 of 10072160?
True
Is 3378110 a multiple of 201?
False
Does 8 divide 11656784?
True
Is 104807 a multiple of 10?
False
Is 4021417 a multiple of 587?
False
Is 1654605 a multiple of 249?
True
Does 303 divide 400869?
True
Is 378 a factor of 306180?
True
Does 418 divide 13889651?
False
Does 15 divide 4012725?
True
Is 13733440 a multiple of 32?
True
Does 24 divide 5248278?
False
Is 1469237 a multiple of 13?
False
Does 10 divide 3250783?
False
Is 5 a factor of 110264?
False
Is 189 a factor of 2222802?
False
Is 13 a factor of 49204?
False
Does 354 divide 12507528?
True
Does 56 divide 18623119?
False
Does 11 divide 83612?
False
Does 14 divide 8334816?
True
Does 40 divide 15297640?
True
Is 1528293 a multiple of 447?
True
Does 366 divide 1476852?
False
Does 213 divide 679044?
True
Is 837300 a multiple of 446?
False
Is 33 a factor of 75768?
True
Is 41 a factor of 112449?
False
Is 6110956 a multiple of 785?
False
Is 556010 a multiple of 329?
True
Is 137567 a multiple of 35?
False
Does 12 divide 78512?
False
Does 10 divide 117030?
True
Does 110 divide 1965590?
True
Is 26 a factor of 6180655?
False
Does 144 divide 114604?
False
Does 16 divide 114716?
False
Does 45 divide 2935710?
True
Does 18 divide 2204352?
True
Is 315856 a multiple of 304?
True
Is 73113 a multiple of 3?
True
Is 1251124 a multiple of 79?
False
Does 195 divide 10265709?
False
Is 1016860 a multiple of 6?
False
Is 94807 a multiple of 9?
False
Is 21 a factor of 1390179?
True
Does 13 divide 6984094?
True
Does 800 divide 1544859?
False
Does 82 divide 136304?
False
Is 3107871 a multiple of 9?
True
Is 673 a factor of 40380?
True
Is 242 a factor of 335412?
True
Does 84 divide 259271?
False
Is 145 a factor of 4117565?
True
Does 4 divide 1608?
True
Is 42240 a multiple of 15?
True
Is 4346250 a multiple of 387?
False
Is 19 a factor of 575908?
False
Does 426 divide 752715?
False
Is 89624 a multiple of 8?
True
Is 801 a factor of 7865077?
False
Is 473880 a multiple of 209?
False
Is 1461704 a multiple of 117?
False
Does 24 divide 12055?
False
Is 1355 a multiple of 185?
False
Is 265741 a multiple of 55?
False
Is 5261897 a multiple of 282?
False
Is 9 a factor of 646267?
False
Is 72905 a multiple of 35?
True
Is 26 a factor of 253868?
False
Does 32 divide 216988?
False
Does 27 divide 26109?
True
Does 1235 divide 8293547?
False
Does 6 divide 51990?
True
Is 29 a factor of 3309?
False
Is 161 a factor of 71001?
True
Does 118 divide 3150?
False
Does 34 divide 1224?
True
Does 45 divide 439973?
False
Is 199 a factor of 1542003?
False
Is 3325146 a multiple of 33?
True
Does 14 divide 271526?
False
Does 60 divide 354720?
True
Is 236 a factor of 1653803?
False
Is 15 a factor of 376635?
True
Is 577747 a multiple of 31?
True
Is 795382 a multiple of 595?
False
Is 326250 a multiple of 45?
True
Does 37 divide 281311?
True
Does 155 divide 638840?
False
Does 391 divide 619344?
True
Does 8 divide 187286?
False
Is 285 a factor of 209190?
True
Is 22 a factor of 4025365?
False
Is 747623 a multiple of 15?
False
Is 7757316 a multiple of 12?
True
Does 81 divide 862842?
False
Is 690155 a multiple of 87?
False
Is 102 a factor of 389237?
False
Is 52 a factor of 213824?
True
Is 22 a factor of 10050612?
True
Is 2730516 a multiple of 12?
True
Is 926 a factor of 5329043?
False
Does 36 divide 1237608?
True
Does 107 divide 372253?
True
Does 91 divide 250912?
False
Is 211 a factor of 799076?
False
Is 18 a factor of 972?
True
Does 45 divide 116342?
False
Is 92 a factor of 7258475?
False
Does 30 divide 151320?
True
Is 154201 a multiple of 41?
True
Is 44 a factor of 77000?
True
Does 8 divide 148800?
True
Is 6 a factor of 3851401?
False
Is 15 a factor of 1053502?
False
Does 17 divide 3751352?
False
Does 508 divide 2187956?
True
Does 139 divide 85485?
True
Is 93681 a multiple of 3?
True
Is 45 a factor of 222921?
False
Is 282606 a multiple of 37?
True
Is 395 a factor of 457022?
False
Is 751175 a multiple of 5?
True
Is 20 a factor of 268633?
False
Is 171971 a multiple of 13?
False
Does 25 divide 288732?
False
Does 4 divide 3796375?
False
Is 262 a factor of 6488168?
True
Is 18 a factor of 1199124?
True
Does 185 divide 13180325?
True
Does 23 divide 26519?
True
Is 2132442 a multiple of 26?
True
Is 142 a factor of 163584?
True
Is 17043728 a multiple of 2446?
True
Is 3 a factor of 99487?
False
Is 61004 a multiple of 86?
False
Is 3 a factor of 17977?
False
Is 20 a factor of 2553540?
True
Is 18 a factor of 38340?
True
Is 27 a factor of 92044?
False
Does 94 divide 218300?
False
Is 13430867 a multiple of 177?
False
Does 35 divide 11897163?
False
Is 381 a factor of 5819225?
False
Does 223 divide 853198?
True
Is 8 a factor of 178707?
False
Is 648 a factor of 1130760?
True
Does 69 divide 4692?
True
Is 30 a factor of 1001892?
False
Is 36 a factor of 14273?
False
Is 14 a factor of 96558?
True
Is 355 a factor of 48990?
True
Is 11 a factor of 9159960?
False
Is 72573 a multiple of 51?
True
Does 9 divide 691430?
False
Is 25 a factor of 113850?
True
Is 1988061 a multiple of 49?
False
Is 2074805 a multiple of 349?
True
Is 3014097 a multiple of 69?
False
Is 177 a factor of 143901?
True
Does 116 divide 8869360?
True
Is 68 a factor of 262548?
True
Is 50 a factor of 108400?
True
Is 138170 a multiple of 90?
False
Does 112 divide 1124003?
False
Is 17 a factor of 110891?
True
Is 1497798 a multiple of 319?
False
Is 138 a factor of 1518828?
True
Is 2664130 a multiple of 472?
False
Does 266 divide 260453?
False
Does 84 divide 5040?
True
Is 531020 a multiple of 14?
True
Is 97130 a multiple of 112?
False
Does 83 divide 1057061?
False
Is 515872 a multiple of 14?
True
Is 251 a factor of 1366946?
True
Does 618 divide 23363490?
True
Does 12 divide 56292?
True
Is 67304 a multiple of 53?
False
Does 11 divide 10904129?
False
Is 365 a factor of 108300?
False
Does 31 divide 20522?
True
Is 23 a factor of 461426?
True
Is 6634057 a multiple of 111?
False
Is 556979 a multiple of 677?
False
Does 3 divide 367257?
True
Is 15 a factor of 1206366?
False
Does 7 divide 566083?
True
Is 123816 a multiple of 33?
True
Is 1368495 a multiple of 405?
True
Is 107571 a multiple of 69?
True
Does 10 divide 1330?
True
Is 6084693 a multiple of 171?
True
Is 53 a factor of 221681?
False
Is 15284 a multiple of 122?
False
Does 28 divide 493424?
False
Is 59 a factor of 269901?
False
Is 55 a factor of 92136?
False
Does 22 divide 465231?
False
Is 223580 a multiple of 140?
True
Does 45 divide 2393295?
False
Does 51 divide 528795?
False
Does 293 divide 4139504?
True
Is 69 a factor of 5451276?
True
Does 28 divide 33235?
False
Does 321 divide 90201?
True
Is 294 a factor of 7474045?
False
Is 2832707 a multiple of 20?
False
Is 4325 a multiple of 5?
True
Does 30 divide 1276159?
False
Is 330 a factor of 134310?
True
Does 29 divide 15735893?
True
Is 382389 a multiple of 47?
False
Does 2 divide 2927943?
False
Is 10903170 a multiple of 223?
False
Is 93035 a multiple of 115?
True
Is 132704 a multiple of 5?
False
Is 22 a factor of 214676?
True
Is 200 a factor of 1369800?
True
Is 503 a factor of 43898?
False
Is 134685 a multiple of 45?
True
Does 28 divide 719012?
True
Does 4 divide 208453?
False
Does 6 divide 1643831?
False
Does 258 divide 4552309?
False
Is 59843 a multiple of 2?
False
Is 85 a factor of 854335?
True
Is 1319220 a multiple of 135?
True
Is 578633 a multiple of 236?
False
Is 35 a factor of 2105644?
False
Is 5148656 a multiple of 43?
False
Is 30 a factor of 431250?
True
Does 23 divide 40480?
True
Is 153340 a multiple of 44?
True
Does 39 divide 3958700?
False
Does 9 divide 103203?
True
Is 9797 a multiple of 76?
False
Does 3216 divide 38882326?
False
Is 932952 a multiple of 24?
True
Is 4069269 a multiple of 1041?
True
Does 4 divide 12326?
False
Does 331 divide 794731?
True
Is 109 a factor of 2816342?
True
Is 27 a factor of 399843?
True
Is 3159330 a multiple of 1590?
True
Does 17 divide 3892425?
False
Does 257 divide 632685?
False
Does 87 divide 1974465?
True
Is 335832 a multiple of 4?
True
Is 402332 a multiple of 7?
True
Is 2287 a factor of 14932461?
False
Is 8 a factor of 7386054?
False
Is 139 a factor of 91475?
False
Does 12 divide 114336?
True
Does 12 divide 4550302?
False
Does 56 divide 325830?
False
Is 913270 a multiple of 271?
True
Is 120 a factor of 513730?
False
Does 72 divide 229400?
False
Is 12905427 a multiple 